7. Let y be h(-5). What is the highest common divisor of 88 and y?
22
Suppose 0 = -m - 2 + 9. Let t = 10 - m. Let h(o) = -o**3 + 4*o**2 - 4. Let j be h(t). What is the highest common factor of 20 and j?
5
Let z = 58 - 31. What is the greatest common factor of 27 and z?
27
Let h = 33 + -57. Let q be (h/7)/(3/(-21)). Let z = 3 + 0. What is the highest common factor of z and q?
3
Let o(t) = 8*t**2 - t - 1. Let a be o(-1). Calculate the greatest common factor of a and 104.
8
Let t = 10 - 7. Let h = 11 - t. Calculate the highest common divisor of h and 56.
8
Let u = -24 + 15. Let v be (-3)/1*42/u. Suppose 3*k - 7 = -3*f + 41, f + 5 = 0. Calculate the greatest common factor of k and v.
7
Suppose 3*l + b = 5*b + 40, 85 = 3*l + 5*b. Calculate the highest common divisor of l and 100.
20
Let s = 1 + 21. Let u be 0 - -55*(2 - 1). Calculate the greatest common divisor of s and u.
11
Let t(w) = w**3 + 6*w**2 - w + 5. Suppose 1 = 3*y + 19. Let g be t(y). Calculate the greatest common divisor of g and 77.
11
Let j(t) = 10*t**3 + 4*t**2 - 4*t + 2. Let q be j(2). Suppose -2*x - 3*x + q = 0. Let n be (-4)/(-1)*18/4. Calculate the highest common factor of x and n.
18
Suppose 0 + 40 = w. Let i be (-14 - -5 - -4) + 15. What is the highest common factor of i and w?
10
Suppose -5*a + 3*s = -615, 4*a + 4*s - 420 = 104. Calculate the greatest common factor of a and 18.
18
Suppose 0 = 2*z + u - 1, 0*u = -z - 2*u - 1. Let i be 4/6*(-264)/(-16). Calculate the highest common factor of i and z.
1
Suppose -6*l = -2*l + 4*m - 132, 4*l - 3*m = 111. What is the greatest common divisor of l and 120?
30
Suppose 4*p - 275 + 35 = 0. What is the highest common divisor of p and 24?
12
Suppose 0 = 4*d + 3 - 19. Suppose -d*q = 1 + 3. Let z = q + 5. Calculate the greatest common factor of 32 and z.
4
Let w = 0 - -8. Let y = 32 + -20. What is the greatest common divisor of y and w?
4
Let t(j) = j**2 - j - 9. Let v be t(4). Let z be (v - 8)/((-3)/3). What is the greatest common divisor of z and 10?
5
Let o = 18 + -1. Let s(j) = 3*j + 5. Let c be s(4). Calculate the greatest common factor of o and c.
17
Let x = -19 - -17. Let m be (6/1)/(x/(-2)). Calculate the greatest common divisor of m and 1.
1
Let b be ((-2)/7)/(2/(-56)). What is the highest common divisor of b and 80?
8
Suppose -2*f + 438 = -4*f. Let q be -4 - -5 - (f - 0). Calculate the greatest common factor of q and 20.
20
Let y = -26 + 58. What is the highest common divisor of y and 1?
1
Let r(m) = -2*m + 32. Let f be r(14). Calculate the greatest common factor of 36 and f.
4
Suppose 0 = -2*n + 258 - 0. Suppose n - 449 = -4*v - o, 5*v - 400 = 3*o. What is the highest common divisor of v and 8?
8
Let t be 3/(-2)*(-24)/9. Suppose -20 - 76 = -t*a. Let r be (18/(-8))/(2/(-32)). Calculate the highest common divisor of a and r.
12
Let o(m) = 5*m + 3. Let n be o(-6). Let f = n + 39. Let h = -8 + f. What is the highest common factor of 28 and h?
4
Let f = 7 - 7. Suppose -4*h + h = g - 5, 3*h - g - 7 = f. Calculate the greatest common divisor of h and 16.
2
Let x(p) = p + 2. Let j be x(-8). Suppose 0 = 5*t + 2*w + 9 + 41, 5*t - w = -35. Let i = j - t. Calculate the greatest common divisor of 22 and i.
2
Let x(d) = -36*d. Suppose -z - 3 + 2 = 0. Let f be x(z). Let w(g) = g**3 + 9*g**2 - 10*g + 4. Let n be w(-10). Calculate the greatest common factor of n and f.
4
Let n = 32 + -27. Suppose 4*x - n*x - m = -154, -5*m = 3*x - 470. Calculate the greatest common divisor of 60 and x.
30
Suppose 2*t + 2*z - 76 = 0, -5*t + 5*z + 197 = 3*z. Calculate the highest common divisor of t and 3.
3
Let s = -68 - -118. What is the greatest common factor of 20 and s?
10
Let l be (-1 + 4)*(-6)/(-2). Suppose -7*d + 360 = 3*d. Calculate the highest common factor of d and l.
9
Let o(n) = 8*n**2 - 31*n + 33. Let a be o(6). Let v be (-3)/(3/(-26)) + 1. What is the greatest common divisor of v and a?
27
Let j be -72*((-2)/3 + 0). Let p be 6/9 - 212/(-6). Let x = -20 + p. What is the greatest common factor of j and x?
16
Let n = 1 - 1. Let w(g) = g**3 - g + 103. Let v be w(n). Let r be 10/15 - v/(-3). Calculate the greatest common divisor of 14 and r.
7
Let d(k) = -10*k - 5. Let h be d(-4). Suppose v - 6*v + 25 = 0. Calculate the greatest common divisor of h and v.
5
Let u be (-3)/(30/16)*-5. Calculate the highest common divisor of u and 88.
8
Let z = 10 - 7. Suppose z*o = l - 0 + 6, -5*l = -5*o. What is the greatest common factor of 21 and l?
3
Suppose -d = -3*q + 1, 7*q - 4*q - 13 = -5*d. Let g = 6 - d. Suppose -g*l + 104 + 64 = 0. Calculate the highest common factor of l and 6.
6
Let u be 4/(-5)*(-25)/10. Let g be u/4*(70 - 2). Suppose 4 = 2*j - j, 3*b - 2*j = g. Calculate the greatest common divisor of b and 56.
14
Suppose 0 = -3*j - 2*j. Let h be j - (0 + (-3 - -1)). Suppose -4*r + y - 2*y = -23, 5*y - 5 = h*r. What is the highest common divisor of r and 2?
1
Suppose 103 = -3*k + 7. Let v = 56 + k. Let h = 16 + v. Calculate the highest common factor of h and 10.
10
Let n be ((-1)/4)/((-1)/(-4)). Let b be n/(-2)*-6 + 21. Calculate the highest common factor of 9 and b.
9
Suppose 5*n - 2*n - 5*v - 10 = 0, 0 = v - 4. What is the highest common divisor of 160 and n?
10
Suppose 12*j + 299 = 851. What is the highest common divisor of j and 184?
46
Let u be ((-124)/6)/(2/(-3)). Suppose -3*t = -g - 4*g + u, 3*t = 9. Suppose -2*i = 3*i - 40. Calculate the highest common divisor of i and g.
8
Let g(t) = t**3 + 6*t**2 - 7*t + 1. Let j be g(-7). Suppose -n = -9 - j. Let f be 4/(1 + n/(-12)). What is the greatest common factor of f and 24?
24
Let h(k) = -4*k + 3. Suppose -4*p - 20 + 4 = 0, 5*x = 5*p + 5. Let v be h(x). Let c be (-823)/(-11) - (-10)/55. Calculate the greatest common factor of v and c.
15
Let a be (-2)/7 + 69/21. Let j be (-3)/(-2)*46/a. Let x be (0 - 0) + -1 + 24. Calculate the greatest common divisor of j and x.
23
Let c be (3 + -5)*2/(-2). Suppose -3*r + 220 = -2*l, -3*l + c*l = -r + 112. Let p be (-1)/2 + l/(-8). Calculate the highest common factor of p and 7.
7
Suppose 6*w - 33 = 3*w. Suppose -10 + 68 = 3*b - 4*c, -3*c - 82 = -4*b. Calculate the greatest common factor of w and b.
11
Let t = -23 + 135. Calculate the highest common divisor of 14 and t.
14
Let a be ((-3)/(-5))/((-5)/(-75)). What is the highest common divisor of 12 and a?
3
Let g be (-2 - (0 + 11))*-5. Let s be ((-12)/(-8) - 1)*26. Calculate the greatest common divisor of s and g.
13
Let x be -1 - 5/((-5)/3). Suppose -o = -x*o + 45. Calculate the highest common divisor of 9 and o.
9
Let a be (-8)/20 + (-54)/(-10). Suppose 2*u - a*u = 5*q - 11, 5*q + u - 7 = 0. What is the highest common factor of 2 and q?
1
Suppose -105 = 4*i - 249. What is the highest common factor of 54 and i?
18
Let h = 11 + -7. Let o = 0 + h. Let f(j) = j**2 + j - 2. Let b be f(3). What is the greatest common factor of o and b?
2
Let z = 13 - 9. Suppose 0 = u - 4*k - 41, z*k + 87 = 3*u + k. What is the greatest common divisor of u and 10?
5
Let a be 4/(-10) - (-44)/10. Let o = 6 - 3. Let d be (o/4)/(2/96). What is the greatest common factor of a and d?
4
Let u(y) = -4*y**3 + y**2 + 2*y + 1. Let d be u(-1). Suppose 2*q - 108 = -4*a, -d*a + 192 = 4*q - 4. Calculate the highest common factor of 66 and q.
22
Let m = 59 - 29. Let y = -97 + 69. Let c = y - -40. Calculate the greatest common factor of m and c.
6
Let p = 23 - 11. Let s = 23 + -21. Let u be (-225)/(-18) - s/4. Calculate the greatest common divisor of p and u.
12
Let s = 6 + 0. Let g(d) = -d**3 + 7*d**2 - 5*d - 3. Let l be g(s). Suppose 0 = -l*c + 2*c + 11. What is the highest common factor of c and 11?
11
Let d = -11 - -2. Let k = -2 - d. Calculate the highest common divisor of 21 and k.
7
Let q be 22/4 + 21/14. Let w = 93 + -79. What is the highest common factor of w and q?
7
Let y = -4 + 4. Suppose y*f = 5*f + 10. Let o be f*2/8*-8. Calculate the greatest common divisor of o and 40.
4
Let d = 1 - 2. Let n be 7/(2/(-4) - d). Suppose 4*s + n = 54. Calculate the highest common factor of s and 30.
10
Let n = 23 + -13. Let f be (n/25)/(2/110). Calculate the greatest common divisor of 33 and f.
11
Suppose 5*w - 25 + 106 = 4*y, -3*w = 4*y - 41. Suppose o - 3 = -2*o. Let p be (-14)/(o*(-6)/15). What is the greatest common factor of y and p?
7
Let i be (1*-1)/(-3 + 